f(-19)?
5
Let t(n) = n**3 - 56*n**2 - 142*n - 108. What is the hundreds digit of t(59)?
9
Suppose 0 = 8*i - 3*i + 40. Let a be (-44)/(-16) - 2/i. Suppose 0 = -a*q + 9*q - 30. What is the units digit of q?
5
Let n(z) = -z**2 - 45*z + 129. What is the hundreds digit of n(-43)?
2
Suppose k - z - 5 = 0, -4*z = -2*k + 6*k + 12. What is the units digit of -5*k*(3 - 6)?
5
Suppose -7*u = -3*u - 4076. What is the thousands digit of u?
1
Let t = -4 + 6. Suppose t = a - 2. Let g(q) = q**3 - 2*q**2 + 1. What is the units digit of g(a)?
3
Let p(w) be the first derivative of 10/3*w**3 - w + 6 - w**2. What is the units digit of p(2)?
5
Let j(f) = 2*f - 16. Let u be j(10). Suppose -a = -u*a + 231. Let v = a - 36. What is the units digit of v?
1
Let p(o) = 4*o + 192. What is the hundreds digit of p(15)?
2
Let o be ((-3)/2)/(3/(-32)). Suppose 0*r = a - r - 31, -5*a + 143 = -r. Let b = a - o. What is the tens digit of b?
1
Suppose -5*w - a + 350 + 668 = 0, -5*a = -4*w + 797. What is the tens digit of (w/28)/(1/8)?
5
Suppose 0 = -d - 7 + 17. Suppose -3*r - d*r = -3484. What is the units digit of r?
8
Let j(b) = b**3 - 3*b + 3. Let m be 2/(4/(4/1)). Let p be j(m). Suppose -y + 120 - 343 = -5*i, 3*i - 125 = p*y. What is the tens digit of i?
4
Let t = 105 - 48. Suppose -642 = -60*o + t*o. What is the units digit of o?
4
Let d be 22 - (3 + -4)/(-1). Let k be 12/28 - 2865/d. Let c = k + 206. What is the units digit of c?
0
Let f(l) = -l**3 - 17*l**2 + 20*l + 57. What is the tens digit of f(-18)?
2
Let z be 9/(-3) - (-1)/(2/6). Suppose 0 = 5*j - m - 160, 3*m = -z*j - 3*j + 78. What is the tens digit of j?
3
Let k(a) = -11*a - 2. Let f(g) = -2*g - 4. Let l be f(-4). Suppose -2*v - l*c = -4, 0 = -2*v - c - 4 - 1. What is the tens digit of k(v)?
4
Let x = 93 - 69. Suppose -x*h + 22*h = -162. What is the tens digit of h?
8
Suppose 0 = 5*d - 5*p - 3030, 4*d + 5*p - 636 = 3*d. What is the hundreds digit of d?
6
Let z be -7*(-8)/(-28)*-1. What is the units digit of (-1 + z)*(153 + -10)?
3
Let n = 5367 - 3140. What is the hundreds digit of n?
2
Let o(d) = -d**2 - 3*d + 10. Let u be o(-4). Let s = u - -5. What is the units digit of s?
1
Let j = 15 + -6. Suppose j*o - 10*o = -15. Suppose 5*b - q = q + 25, -3*b + o = -q. What is the units digit of b?
5
Let m be (-9)/6*20/15. What is the units digit of m/10 + 2574/45?
7
Let p(n) = -n**3 - n. Let z be p(0). Suppose -3*q = b + 12, -4*b + z - 6 = -2*q. Let w = b - -34. What is the tens digit of w?
3
Let y = 552 - 233. What is the tens digit of y?
1
Let a(s) = 7*s - 8*s**2 + 3*s - 8*s - 7 + 9*s**2. Let v = -15 + 9. What is the units digit of a(v)?
7
Let b(p) = 49*p + 254. What is the hundreds digit of b(20)?
2
Let o(u) be the first derivative of -6*u - 3*u - 6 + 4*u - 7*u**2. What is the units digit of o(-2)?
3
Let z(p) = -p + 3. Let s be z(0). Let d = 7 - s. What is the units digit of d?
4
Suppose -r + 17 = 2*w - 0*w, 3*w - 9 = 0. Suppose 0 = r*l - 7*l - 352. What is the tens digit of l?
8
Let j(z) = -10*z - 3. Suppose -5 - 15 = -4*k. Suppose k*p + 9 = 2*p. What is the tens digit of j(p)?
2
Let b = 63 + -46. Let k(z) = 6*z + 12. What is the hundreds digit of k(b)?
1
Let t = 91 + -78. Suppose 332 = -t*w + 17*w. What is the tens digit of w?
8
Let p = -87 + 142. Let i = p - 31. Suppose q = -3*l - 3*q + i, -2*l = -5*q - 39. What is the units digit of l?
2
Let y = -15 + 15. Suppose y = 4*f - 1 - 19. Suppose -5*h + 160 = 3*q, f*q - 54 = -0*h - h. What is the units digit of h?
9
Suppose 2321 - 10017 = -8*k. What is the tens digit of k?
6
Suppose 1085 = -12*f + 3365. What is the tens digit of f?
9
Let s(u) = -u**2 + 4. Let z be s(4). Let r = z + 13. Suppose -f - r + 12 = 0. What is the units digit of f?
1
Suppose 5*o + 0*f - 590 = 3*f, 10 = -2*f. Suppose 5*d - o = -4*x, -7*d + x + 115 = -2*d. What is the tens digit of d?
2
Let f(h) = 2*h**2 - 10*h + 12. Let n be f(9). Suppose 4*x - n = 2*x. What is the units digit of x?
2
Let i(q) = 9*q**2 + 14*q - 11. What is the tens digit of i(13)?
9
Let g be (-128)/16*((-10)/4 - -2). Suppose -g*j + 5*j - 39 = 0. What is the units digit of j?
9
Let c be (-4 + 2 - 1) + 3. Suppose 3 + 1 = -k - 2*o, o - 1 = c. Let n = k + 11. What is the units digit of n?
5
Let w = 0 - -3. Suppose 4*x - 41 = w*x. Suppose -x = -p + 3*m, -2*p - 4*m - 150 = -7*p. What is the tens digit of p?
2
Suppose -4*m - 5*x + 24 = 7, x - 1 = 0. Suppose 3*f = -3*z - 12, z - f = -m*z - 1. Let o(p) = -23*p + 1. What is the units digit of o(z)?
4
Suppose -3*z = -23 - 52. Let r = -24 + z. Let m(p) = 6*p**3 - 2*p + 1. What is the units digit of m(r)?
5
Let u(c) = 8*c**2 - 37*c + 20. What is the units digit of u(15)?
5
Let v be -12*(2 + 23/(-4)). Suppose 0 = -3*l - q + 6*q - 61, -3*l - 2*q - 68 = 0. Let k = v + l. What is the units digit of k?
3
Suppose -5*t + 12290 = 4*v, -6501 = -3*t + v + 873. What is the thousands digit of t?
2
Let l(a) = 398*a - 9. What is the tens digit of l(1)?
8
Suppose 4*v = 3*u + 8 - 20, 12 = -5*u - 4*v. Let a be -6*(u + 1/(-2)). Suppose -a*o + 45 = -k - k, 3*k = -5*o + 94. What is the tens digit of o?
1
Suppose 8 = h + 38. What is the units digit of ((-52)/6)/(20/h)?
3
Let b(m) = 2*m**3 + m. Let x be b(-1). Let p(j) = -7*j**3 - 7*j**2 - j + 4. What is the hundreds digit of p(x)?
1
Let b(i) = -i**3 + 7*i + 4. Let u be b(-8). Suppose 8*m - 3*m = u. What is the tens digit of m?
9
Let f(b) = -263*b - 32. What is the thousands digit of f(-11)?
2
Let f = -8 - -13. Suppose -f*n + 165 + 50 = 0. What is the units digit of -4*(-4)/(-8) + n?
1
Let o(v) = -7*v + 1. Let b(z) = -z**2 + z + 2. Let s(w) = -w - 1. Let h be s(1). Let c be b(h). What is the units digit of o(c)?
9
Let z(c) = -3*c + 0*c + 0 + 100*c**2 + 3. What is the units digit of z(1)?
0
Let t = 11345 - 6765. What is the hundreds digit of t?
5
Suppose 2582 = 11*l - 1422. What is the hundreds digit of l?
3
Suppose -p + 1099 = 4*f, -12 = 4*f + 8. What is the tens digit of p?
1
Let t(p) be the third derivative of -p**6/120 - 2*p**5/15 + 7*p**4/12 - 5*p**3/6 - 4*p**2. Let l be t(-10). What is the units digit of 2/10 - (-814)/l?
5
Suppose 5*z = 2*z + 9. Suppose -z*c = -15 - 12. Suppose 0 = -c*k + 7*k + 18. What is the units digit of k?
9
Suppose 2*y = 30 - 10. Suppose -y*n + 14*n = 72. What is the tens digit of n?
1
Let o(x) = 4*x**2 - 7*x + 48. What is the tens digit of o(4)?
8
Suppose 3*a = -8 - 10. Let f be (8/a)/(10/15). What is the units digit of 1/2*(-48)/f?
2
What is the hundreds digit of (40 - 46)*(896/3)/(-4)?
4
Let k(m) = -m + 3. Let j be k(-4). Let r = 19 - j. What is the units digit of r?
2
Suppose -2*u - u = 24. Let d(l) = -7*l - 15. Let c be d(u). Suppose 2*b - 5*b = -4*i - 79, -b + 5*i + c = 0. What is the units digit of b?
1
Let j = 5 - 3. Suppose 3*y = -3*c + 120, 73 = 4*y + j*c - 91. Suppose x + x - y = 0. What is the units digit of x?
1
Suppose -10 = -3*s + 80. Suppose 5*u + s = 5*p, -p - 5*u - 21 = -3*p. What is the units digit of 2/(388/(-132) + p)?
3
Suppose 0 = 16*p - 19*p. Suppose -5*b = w - 326, p = -b + 3*w - 0*w + 62. What is the units digit of b?
5
Suppose 0 = -4044*z + 4054*z - 6290. What is the tens digit of z?
2
Suppose 8*k - 378 - 870 = 0. What is the units digit of k?
6
Suppose 3*o - 915 = g, 4*o - 2*o - 2*g - 614 = 0. Suppose 4*h + o = 8*h. What is the tens digit of h?
7
Suppose 0 = 6*i - 13*i - 28. What is the units digit of ((-64)/(-5))/(i + (-63)/(-15))?
4
What is the hundreds digit of (338/6)/((-17)/(-255))?
8
Let t be (-29)/(-5) - 4/5. Let p(u) = 10*u**3 - 2*u**2. Let n be p(t). What is the tens digit of (2/(-5))/((-15)/n)?
3
Let x(d) = 14*d**2 + 4*d + 146. What is the thousands digit of x(11)?
1
What is the hundreds digit of (-12568)/(-14) - -1*16/56?
8
What is the hundreds digit of ((-5)/(-10))/(5*5/40050)?
8
Suppose 0 = 2*u + 2*a - 4974, -5*u - 12*a = -13*a - 12411. What is the units digit of u?
3
Suppose -17357 + 29962 = 5*g. What is the tens digit of g?
2
Let r = -803 + 1652. What is the hundreds digit of r?
8
Let b = 24 - 22. Suppose -4*s - 2*l = -b*s - 42, -2*s + 2*l + 30 = 0. What is the tens digit of s?
1
Suppose -16*f + 13251 = -2301. Suppose 14*c + f - 4598 = 0. What is the hundreds digit of c?
2
Suppose -5*b + 4*b = -519. Suppose 5*o + l - b = 0, l = -o + 41 + 62. Suppose 281 = 5*t - 2*x, 2*t - 3*x = 2*x + o. What is th